{"id":199,"date":"2011-02-19T23:18:36","date_gmt":"2011-02-19T23:18:36","guid":{"rendered":"http:\/\/wp.agoff.de\/?page_id=199"},"modified":"2012-09-06T13:43:31","modified_gmt":"2012-09-06T13:43:31","slug":"die-agoff-forschungsstellen","status":"publish","type":"page","link":"https:\/\/agoff.de\/?page_id=199","title":{"rendered":"Die AGoFF-Forschungsstellen"},"content":{"rendered":"<p align=\"justify\">Die AGoFF-Forschungsstellen haben sich als zweckm\u00e4\u00dfig erwiesen, weil das Material f\u00fcr die einzelnen Forschungsgebiete dort gezielt gesammelt und spezielle Fragen regionaler Art von dort beantwortet werden k\u00f6nnen. Forschungsauftr\u00e4ge werden von den Forschungsstellen nicht (!) \u00fcbernommen. Es werden nur Ausk\u00fcnfte aus vorhandenen Unterlagen erteilt und ggf. weiterf\u00fchrende Forschungshinweise gegeben. Es gibt derzeit folgende Forschungsstellen:<\/p>\r\n\r\n&nbsp;\r\n\r\n<p style=\"text-align:center\"><img loading=\"lazy\" decoding=\"async\" name=\"AGoFF_Forschungsgebiete\" src=\"wp-content\/fst\/images\/AGoFF_Forschungsgebiete.png\" width=\"761\" height=\"800\" border=\"0\" id=\"AGoFF_Forschungsgebiete\" usemap=\"#m_AGoFF_Forschungsgebiete\" alt=\"AGoFF_Forschungsgebiete\" \/>\r\n<map name=\"m_AGoFF_Forschungsgebiete\" id=\"m_AGoFF_Forschungsgebiete\">\r\n<area shape=\"poly\" coords=\"423,532,560,532,584,596,386,591,423,532\" href=\"?p=7414\" title=\"S\u00fcdosteuropa\" alt=\"S\u00fcdosteuropa\" \/>\r\n<area shape=\"poly\" coords=\"180,649,407,649,431,713,215,713,180,649\" href=\"?p=7414\" title=\"S\u00fcdosteuropa\" alt=\"S\u00fcdosteuropa\" \/>\r\n<area shape=\"poly\" coords=\"116,574,366,566,407,640,136,648,116,574\" href=\"?p=7414\" title=\"S\u00fcdosteuropa\" alt=\"S\u00fcdosteuropa\" \/>\r\n<area shape=\"poly\" coords=\"116,719,606,714,616,793,136,793,116,719\" href=\"?p=7414\" title=\"S\u00fcdosteuropa\" alt=\"S\u00fcdosteuropa\" \/>\r\n<area shape=\"poly\" coords=\"397,597,587,605,605,713,437,705,397,597\" href=\"?p=7414\" title=\"Rum\u00e4nien und Dobruscha\" alt=\"Rum\u00e4nien und Dobruscha\" \/>\r\n<area shape=\"poly\" coords=\"293,438,407,446,407,546,243,566,293,438\" href=\"?p=613\" title=\"Galizien\" alt=\"Galizien\" \/>\r\n<area shape=\"poly\" coords=\"60,654,172,649,196,683,80,728,60,654\" href=\"?page_id=241\" title=\"Gottschee\" alt=\"Gottschee\" \/>\r\n<area shape=\"poly\" coords=\"168,454,282,462,224,570,110,574,168,454\" href=\"?p=7409\" title=\"M\u00e4hren\" alt=\"M\u00e4hren\" \/>\r\n<area shape=\"poly\" coords=\"8,454,168,454,110,562,14,566,8,454\" href=\"?p=7409\" title=\"B\u00f6hmen und Sudeten\" alt=\"B\u00f6hmen und Sudeten\" \/>\r\n<area shape=\"poly\" coords=\"548,385,756,512,756,800,621,800,548,385\" href=\"?p=843\" title=\"Russland\" alt=\"Russland\" \/>\r\n<area shape=\"poly\" coords=\"386,374,522,374,552,523,426,523,386,374\" href=\"?p=7420\" title=\"Wolhynien\" alt=\"Wolhynien\" \/>\r\n<area shape=\"poly\" coords=\"243,362,380,362,380,438,248,436,243,362\" href=\"?p=620\" title=\"Mittelpolen\" alt=\"Mittelpolen\" \/>\r\n<area shape=\"poly\" coords=\"67,407,168,408,172,449,69,450,67,407\" href=\"?p=7395\" title=\"Schlesien\" alt=\"Schlesien\" \/>\r\n<area shape=\"poly\" coords=\"168,362,235,362,243,454,173,436,168,362\" href=\"?p=840\" title=\"Posen\" alt=\"Posen\" \/>\r\n<area shape=\"poly\" coords=\"150,235,267,239,386,330,258,339,150,235\" href=\"?p=777\" title=\"Ostpreussen\" alt=\"Ostpreussen\" \/>\r\n<area shape=\"poly\" coords=\"52,362,168,362,165,407,52,407,52,362\" href=\"?p=627\" title=\"Neumark (Ostbrandenburg)\" alt=\"Neumark (Ostbrandenburg)\" \/>\r\n<area shape=\"poly\" coords=\"4,271,135,271,135,361,4,361,4,271\" href=\"?p=792\" title=\"Pommern\" alt=\"Pommern\" \/>\r\n<area shape=\"poly\" coords=\"140,235,208,303,294,356,135,356,140,235\" href=\"?p=777\" title=\"Westpreussen\" alt=\"Westpreussen\" \/>\r\n<area shape=\"poly\" coords=\"438,0,756,0,756,512,438,314,438,0\" href=\"?p=843\" title=\"Russland\" alt=\"Russland\" \/>\r\n<area shape=\"poly\" coords=\"235,0,437,0,437,369,235,213,235,0\" href=\"?p=607\" title=\"Baltikum\" alt=\"Baltikum\" \/>\r\n<\/map>\r\n<\/p>\r\n\r\n\r\n\r\n<table class=\"tableGliederungDioezese\">\r\n<thead>\r\n     <tr>\r\n     <td colspan=\"3\"><p>Die Forschungsstellen<\/p><\/td>\r\n     <\/tr>\r\n<\/thead>\r\n<tbody>\r\n       <tr>\r\n      <td><p><a href=\"?p=607\">Baltikum<\/a><\/p><\/td>\r\n      <td><p><a href=\"?p=599\">Donauschwaben und Ungarn<\/a><\/p><\/td>\r\n      <td><p><a href=\"?p=613\">Galizien und Bukowina<\/a><\/p><\/td>\r\n     <\/tr>\r\n     <tr>\r\n      <td><p><a href=\"?p=620\">Mittelpolen<\/a><\/p><\/td>\r\n      <td><p><a href=\"?p=627\">Neumark (Ostbrandenburg)<\/a><\/p><\/td>\r\n      <td><p><a href=\"?p=777\">Ost- und Westpreu\u00dfen<\/a><\/p><\/td>\r\n     <\/tr>\r\n     <tr>\r\n      <td><p><a href=\"?p=792\">Pommern<\/a><\/p><\/td>\r\n      <td><p><a href=\"?p=840\">Posen<\/a><\/p><\/td>\r\n      <td><p><a href=\"?p=843\">Ru\u00dflanddeutsche<\/a><\/p><\/td>\r\n     <\/tr>\r\n     <tr>\r\n      <td><p><a href=\"?p=7395\">Schlesien<\/a><\/p><\/td>\r\n      <td><p><a href=\"?p=7409\">Sudetenland<\/a><\/p><\/td>\r\n      <td><p><a href=\"?p=7414\">S\u00fcdosteuropa<\/a><\/p><\/td>\r\n     <\/tr>\r\n     <tr>\r\n      <td><p><a href=\"?p=7420\">Wolhynien<\/a><\/p><\/td>\r\n      <td><p><\/p><\/td>\r\n      <td><p><\/p><\/td>\r\n     <\/tr>\r\n<\/tbody>\r\n<\/table>\r\n\r\n","protected":false},"excerpt":{"rendered":"<p>Die AGoFF-Forschungsstellen haben sich als zweckm\u00e4\u00dfig erwiesen, weil das Material f\u00fcr die einzelnen Forschungsgebiete dort gezielt gesammelt und spezielle Fragen regionaler Art von dort beantwortet werden k\u00f6nnen. Forschungsauftr\u00e4ge werden von den Forschungsstellen nicht (!) \u00fcbernommen. Es werden nur Ausk\u00fcnfte aus vorhandenen Unterlagen erteilt und ggf. weiterf\u00fchrende Forschungshinweise gegeben. Es gibt derzeit folgende Forschungsstellen: &nbsp; Die <a href=\"https:\/\/agoff.de\/?page_id=199\" class=\"more-link\">\u2026\u00a0<span class=\"screen-reader-text\">  Die AGoFF-Forschungsstellen<\/span><\/a><\/p>\n","protected":false},"author":1,"featured_media":0,"parent":10,"menu_order":2,"comment_status":"closed","ping_status":"closed","template":"onecolumn-page.php","meta":{"ngg_post_thumbnail":0,"footnotes":""},"class_list":["post-199","page","type-page","status-publish","hentry"],"_links":{"self":[{"href":"https:\/\/agoff.de\/index.php?rest_route=\/wp\/v2\/pages\/199","targetHints":{"allow":["GET"]}}],"collection":[{"href":"https:\/\/agoff.de\/index.php?rest_route=\/wp\/v2\/pages"}],"about":[{"href":"https:\/\/agoff.de\/index.php?rest_route=\/wp\/v2\/types\/page"}],"author":[{"embeddable":true,"href":"https:\/\/agoff.de\/index.php?rest_route=\/wp\/v2\/users\/1"}],"replies":[{"embeddable":true,"href":"https:\/\/agoff.de\/index.php?rest_route=%2Fwp%2Fv2%2Fcomments&post=199"}],"version-history":[{"count":42,"href":"https:\/\/agoff.de\/index.php?rest_route=\/wp\/v2\/pages\/199\/revisions"}],"predecessor-version":[{"id":14959,"href":"https:\/\/agoff.de\/index.php?rest_route=\/wp\/v2\/pages\/199\/revisions\/14959"}],"up":[{"embeddable":true,"href":"https:\/\/agoff.de\/index.php?rest_route=\/wp\/v2\/pages\/10"}],"wp:attachment":[{"href":"https:\/\/agoff.de\/index.php?rest_route=%2Fwp%2Fv2%2Fmedia&parent=199"}],"curies":[{"name":"wp","href":"https:\/\/api.w.org\/{rel}","templated":true}]}}